59, 67
Suppose -b - 4*a = -7, 3*b - 3*a = 2*b. Let m(i) = 4*i + 2*i**2 + 5*i**2 + 12*i**2 - 2. List the prime factors of m(b).
181
Let n(s) = s**3 - 18*s**2 - 20*s + 18. Let o be n(19). List the prime factors of 6 + -10 + o + 383.
2, 3, 7
Let i = 48612 - 21803. What are the prime factors of i?
17, 19, 83
Suppose 4 = -2*t, -2*m - 3126 - 94 = -5*t. Let k = 119 - m. List the prime factors of k.
2, 3, 17
Suppose -16*z - 16485 + 55541 = 0. What are the prime factors of z?
2441
Suppose 78*u - 23659 = 19*u. What are the prime factors of u?
401
Suppose -2*q + 154*x + 60871 = 153*x, -q = 3*x - 30453. List the prime factors of q.
2, 3, 19, 89
Let r(x) = 106*x**2 - 263*x - 13. What are the prime factors of r(-8)?
5, 71
Suppose 105*z - 263692 = 116*z. What are the prime factors of z/(-24) + 1/6?
3, 37
Let n(g) = 2*g**2 + 81*g - 126. Let q be n(-42). Suppose 0 = -3*d, q*d + 5*d = b - 1136. What are the prime factors of b?
2, 71
Let k be -5*(0/4 + 1). Let j = k - -64. List the prime factors of j.
59
Suppose 160*n = 736*n - 25680384. What are the prime factors of n?
2, 5573
Suppose 3*z = -2*s + 15, -2*s - 2 = -2*z + 8. Suppose -3*g + 4*c = -g, -5 = -z*c. What are the prime factors of (g/6)/(1*(-6)/(-1692))?
2, 47
Let u be (10/(-2))/(240/244 + -1). Suppose 5*z = u - 85. What are the prime factors of z?
2, 11
Let g(z) = -15*z**2 + z - 5. Let i(n) = n**2 + 1. Let o(b) = -g(b) - 5*i(b). Let t be o(1). Let y(r) = r**2 - 3. List the prime factors of y(t).
2, 3, 13
Let f = 15642 - 15939. Suppose 0 = 6*u - u - 2150. Let v = f + u. What are the prime factors of v?
7, 19
Let a be ((-2)/(-2))/(22/62370). Suppose -26*z + 5*z = -a. List the prime factors of z.
3, 5
Let p = -29 + 31. Let d = p + -7. Let s(w) = -w**2 - 7*w + 6. List the prime factors of s(d).
2
Suppose -l = -4*r - 5*l + 57844, 2*l = 4*r - 57862. What are the prime factors of r?
2, 113
Suppose 3*k - 830 = -2*h + 4476, 4*k - 13286 = -5*h. List the prime factors of h.
2, 11
Let u = -216 + -330. Let f = u + 786. List the prime factors of f.
2, 3, 5
Let b = -235 + 190. List the prime factors of (4935/b)/((-3)/9).
7, 47
Let h(n) = n**2 - 2*n - 2. Let t be h(-2). Let v = t - 4. Let c = v + 61. What are the prime factors of c?
3, 7
Suppose 18*m - 5*m - 364 = 0. Let q(o) = 5*o - 1. Let n be q(2). Suppose -5*u - m = -n*u. List the prime factors of u.
7
Let r(v) = 108*v + 9. Let m be r(6). Suppose 5*u + o = 937 + 2366, -2*o + m = u. What are the prime factors of u?
661
Let y(l) = -l**3 + 93*l**2 - 777*l - 240. List the prime factors of y(78).
2, 3, 37, 137
Let s(a) = 36*a**2 + a. Let w be s(-1). Suppose w = 7*p - 7. What are the prime factors of (p - 23)*(1 + -4)?
3, 17
Let i(t) be the third derivative of t**6/120 - t**5/2 - 5*t**4/8 + 11*t**3/3 - 27*t**2. List the prime factors of i(31).
2, 7, 37
Let a = 1025 - 606. Suppose -1 = h, -h = 3*o + 3*h - a. List the prime factors of o.
3, 47
Let b(n) = -n**3 + 7*n**2 + 11*n + 1. Let r be b(9). Let a = r + 147. What are the prime factors of a?
5, 17
Let q(d) = 45*d**2 - 94*d - 2. Let o be q(4). Suppose o = 8*l + 318. What are the prime factors of l?
3
Suppose -4*a - 3 = z, -13 - 14 = -5*z + a. Suppose 0 = -z*s + 3*w - 4*w + 4772, 0 = -s + w + 952. List the prime factors of s.
2, 3, 53
Let m be -5*1*(-12)/15. Suppose -m*c = 2*n - 8, -4*c + 0*c = -n + 4. Suppose c*y = -3*y + 396. What are the prime factors of y?
2, 3, 11
Suppose 4*j - 3*w - 229 = 368, -5*j + 4*w = -745. Let a = j - -91. List the prime factors of a.
2, 61
Let v be 4 - 6939/15 - 3/(-5). Let w = v - -868. What are the prime factors of w?
2, 5, 41
Suppose -2*j + 13850 = 4*v, 4*j - 5415 = -4*v + 8433. What are the prime factors of v?
3463
Suppose 0 = k + 5*y - y - 342, 0 = 2*k - 3*y - 662. Suppose -4*s + 5*p - 647 = 2*p, -2*s = 2*p + k. List the prime factors of (s/4)/((0 + 1)*-1).
41
Suppose 2275310 = 222*o - 10379969 - 538181. List the prime factors of o.
2, 3, 5, 7, 283
Let y = -221 + 513. Let q = 755 - y. List the prime factors of q.
463
Suppose 16 = 2*s + 4. Suppose -s*f + 80 = 2*f. Suppose f*x - 12*x + 364 = 0. What are the prime factors of x?
2, 7, 13
Let k(q) = -q**3 + 7*q**2 + 9*q - 2. Let p be k(8). Let s be (p - -2) + (3 + -2)*-3. List the prime factors of (1 - (-2 + s))*2 - -184.
2, 3, 5
Let k(m) = 8*m - 24. Let a be k(3). Suppose h + 8 = 5*o - a, -o = -h. What are the prime factors of 101 - ((o - 1) + (-15)/(-5))?
97
Let d be (-5)/(-50)*25*(-24)/(-10). Let r = 29 - 27. Suppose 0 = d*n + r*n - 176. What are the prime factors of n?
2, 11
Let v(m) = -21*m**3 - 2*m**2 - 12*m - 16. Let p(b) = -106*b**3 - 9*b**2 - 61*b - 81. Let c(d) = -2*p(d) + 11*v(d). What are the prime factors of c(-2)?
2, 71
Suppose d - r = 4*r + 3, -7 = -d + 4*r. Suppose -29*y + 3750 = -d*y. List the prime factors of y.
5
Let x = 310 - 315. What are the prime factors of x*(-48)/(-40) + 324?
2, 3, 53
Let x be (2 + 0)/2 + 2. Let a = -326 - -366. Suppose 5*q - a = -0*j - 2*j, 3*j + x = 3*q. What are the prime factors of q?
2, 3
Let j be -5 - -78*6/(-12). List the prime factors of (-4 + j/(-4))*348/7.
2, 3, 29
Suppose 3*j - 3*z = 0, -2*j - 5*z + 10 = 3*j. Let x be j/(-3)*-93*(-2 + 1). Let o = x - -63. List the prime factors of o.
2
Let z = 65 - 109. Let i = 47 + z. Suppose 4*a = -5*d + 230, -i*a - d = -8*a + 273. List the prime factors of a.
5, 11
Suppose 15*f - 4*f - 99 = 0. Let x be 5/10 + f/2. Suppose 4*l + 2*k = 318, k + 415 = x*l - 0*k. List the prime factors of l.
2, 41
Suppose -940 = 18*b + 338. Let n = 114 + b. List the prime factors of n.
43
Suppose -r - 30*q = -31*q + 1, 21 = 3*r + 3*q. Suppose r*h = 2414 + 301. List the prime factors of h.
5, 181
Suppose 5*d - 5*b = 78620 + 27170, 3*d + 4*b - 63453 = 0. What are the prime factors of d?
5, 4231
What are the prime factors of ((-2)/2 + 241)/(16 + 21275/(-1334))?
2, 5, 29
Let c be (-4)/((-13)/(650/20)). What are the prime factors of 6 + (-39650)/(-21) + c/(-105)?
2, 947
Let h(c) = 33*c**2 + 41*c - 652. List the prime factors of h(12).
2, 7, 41
Suppose 5*o = 4*a + 58, 3*o = -2*a + a - 6. Suppose -4*g = 3*x + 555, 4*x - 5 = 2*g - 723. Let y = a - x. List the prime factors of y.
13
Let d(n) = -n + 7. Let j be ((-40)/12)/(-4*(-3)/(-18)). Let x be d(j). Suppose -3*c - 348 = -3*l, 4 - 10 = -x*c. What are the prime factors of l?
7, 17
Suppose -54262 = 139*r - 152*r. What are the prime factors of r?
2, 2087
Let f(c) = 3*c**2 - 2*c - 22. Suppose -3*p = 32 - 5. What are the prime factors of f(p)?
239
Suppose -2*f + 3*i = -13381, f - 5*i - 2017 - 4691 = 0. What are the prime factors of f?
41, 163
Suppose -83748 = -27*h + 6*h. List the prime factors of h/3*2/(-8)*-3.
997
Suppose 0 = 6*d - 6*d - 2*d. Suppose -6*q + 770 + 1684 = d. List the prime factors of q.
409
What are the prime factors of 54068/3*(-270)/(-72)?
5, 7, 1931
Suppose 1754943 + 767620 = 149*p - 859439. What are the prime factors of p?
2, 3, 13, 97
Let m = 307 - 233. Suppose -40*i + m*i = 28730. List the prime factors of i.
5, 13
Suppose 0 = -6*g + 7*g - 12. Let j = g + -2. Suppose -1332 = -j*o - 2*o. What are the prime factors of o?
3, 37
Let p = 82 + -25. Let t = -239 + p. What are the prime factors of (-5488)/t + (2/(-13))/1?
2, 3, 5
Let r(c) = 53*c + 73. Let l be r(17). Suppose -2*v + 5*n + 338 = -l, 4*n - 2652 = -4*v. What are the prime factors of v?
661
Let x = 7 + -3. Suppose 3*q - 2 = -4*l + 2, -x*l + 20 = -q. List the prime factors of l.
2
Let u = 978 - 598. Let k = u - 10. What are the prime factors of k?
2, 5, 37
Let o(b) = -b**3 + b**2 + 7*b - 1. Let p be o(-7). Let h = 183 - p. Let d = -101 - h. List the prime factors of d.
2, 29
Let h = 10 + -8. Suppose -6*x + x - 2*q = -316, -2*q = h*x - 130. Suppose x = 2*t + 3*c, -2*c + 140 - 32 = 4*t. What are the prime factors of t?
5
Let q(v) = -2*v**3 + v**2 - v + 6. Let d be q(2). List the prime factors of (-6 + 2)*398/d.
199
Let g = -4474 + 17085. What are the prime factors of g?
12611
Let s(h) = -133*h + 178. Let l(p) = 2*p**3 + 16*p**2 + 13*p - 15. Let a be l(-7). What are the prime factors of s(a)?
2, 3, 23
Let p be (31449/22)/(-2 - 1)*-4. Let f = -932 + p. List the prime factors of f.
2, 487
Let q(j) be the second derivative of -85*j**3/3 - 3*j**2 - 6*j. Let c be q(-1). Let s = c + -9. List the prime factors of s.
5, 31
Let m be 96/(-18)*(6/1)/(-1). Let f = m + 65.